pose -17*s + 8*s = -1755. Suppose b - 3*l = -b + 87, -s = -5*b + 3*l. What is the highest common divisor of v and b?
3
Let o(p) = 7*p**2 + 305*p - 76. Let f be o(-44). Calculate the highest common factor of 42 and f.
14
Let b(j) = 55*j**2 - 8*j - 93. Let k be b(-6). Suppose -k = -5*t + 5*x, -2*t - x = x - 762. Calculate the greatest common factor of t and 48.
48
Let v = 25776 - 25666. What is the greatest common factor of v and 790?
10
Let h = 33 + -145. Let j = h + 132. Let f = 494 - 274. What is the greatest common factor of j and f?
20
Let q be (-18564)/(-408)*450/21. What is the highest common divisor of 125 and q?
25
Suppose -2*y + 666 = 4*z, -3*y - 20*z + 17*z = -993. Calculate the greatest common divisor of 940 and y.
47
Let k be (-17)/(714/36) - 4104/(-133). Calculate the highest common factor of k and 1510.
10
Let r be (120/12 + 1834/(-4))*-6. What is the highest common divisor of 46 and r?
23
Let b = -6 + 10. Suppose 16 - 68 = -4*w - 4*v, 2*w + 11*v = 71. What is the highest common factor of b and w?
4
Suppose z + 72*i = 75*i + 994, -4*z - 3*i = -4006. Calculate the greatest common factor of z and 3375.
125
Let h(l) = l + 2. Let q be h(3). Let u(t) = -t - 20. Let f(i) = 10. Let s(n) = -7*f(n) - 3*u(n). Let a be s(10). What is the highest common factor of q and a?
5
Let j(o) = 89*o - 1109. Let i be j(23). What is the highest common divisor of 112 and i?
14
Suppose 1122*c - 1115*c - 7497 = 0. Suppose -45*m = -28*m - 1071. Calculate the highest common factor of m and c.
63
Let u be -4 - 35992/(9 + -17). What is the greatest common divisor of 145 and u?
145
Suppose 2*m - 53 - 5 = 0. Let r be (-3876)/3553 + 29703/33. What is the highest common factor of m and r?
29
Let n be (9/(-12))/((-6)/24). Suppose -16*o = n*o - 1501. What is the greatest common factor of o and 1027?
79
Let s(x) = x**2 - 8*x - 16. Let q = 4 + 6. Let i be s(q). Suppose y + 44 = i*z + 3*y, 0 = 2*z + 2*y - 20. What is the greatest common factor of z and 84?
12
Suppose 4*z - 13*y - 1697 = -12*y, -2*y + 846 = 2*z. Calculate the highest common factor of z and 344.
8
Let k = -576 - -611. Let g be 25*((-147)/k - -6). Calculate the highest common divisor of g and 180.
45
Suppose -12*d - 483 = -4719. Let y = 355 - d. What is the greatest common factor of 7 and y?
1
Let y(x) = 15*x + 17. Let m(z) = 2*z. Let q(d) = -14*m(d) + 2*y(d). Let j be q(17). What is the highest common factor of 748 and j?
68
Let i(x) = -1238*x + 9910. Let d be i(8). Let n be (-1)/(-4) - 382/(-8). What is the greatest common factor of n and d?
6
Let z = -62 + 67. Suppose -d - 5 = -z*t, -2*d + 3*t + 2*t = 0. Suppose -d*g - 30 = -380. Calculate the highest common divisor of g and 10.
10
Suppose 0 = -t - 0*t - 1, -3*l + 2*t = 475. Let f = l - -280. Suppose 0 = c - 61 - f. What is the greatest common divisor of c and 26?
26
Let v be (-4)/((-48)/21) - (-4)/16. Suppose 0 = 4*y - 16, 3*l - v*l - 50 = -5*y. What is the highest common divisor of 330 and l?
30
Let w be 1/(-3) - (-10)/3. Suppose l - 15 = -3*z, l + 5*z = -17 + 32. Suppose 484 = l*o - 236. What is the highest common factor of o and w?
3
Suppose 0 = 41*q - 1355 + 330. What is the greatest common factor of 53 and q?
1
Suppose 4*z - 2*z = -34. Let b(c) = 2*c**2 + 33*c + 5. Let a be b(z). Let w be 4*(-4 - a/(-4)). Calculate the greatest common divisor of w and 42.
6
Suppose 0 = -152*g + 147*g + 1385. Calculate the greatest common factor of 1 and g.
1
Suppose 2*n = -r + 274, -n = -r + 139 + 135. Suppose -2*b + 258 = 4*m, -3*b + 5*b - 4*m = r. Calculate the greatest common divisor of 7 and b.
7
Suppose -21*i + 57782 = 22*p - 25*i, -i - 2633 = -p. Calculate the highest common divisor of p and 945.
105
Suppose 10 = -2*k, 142 = -0*v + 3*v - 2*k. Suppose -v*p = -45*p + 32. What is the highest common divisor of 16 and p?
16
Suppose -3*o = 5*p - 94, 3*o + p - 78 = 4*p. Suppose -a + y = -177, -a + 4*y - 566 = -4*a. What is the greatest common divisor of o and a?
14
Let d = 4783 + -4703. What is the highest common divisor of 8440 and d?
40
Suppose -7 - 13 = -4*p. Suppose n + 546 = p*h, -h + 3*n + 129 = 31. Let d = -60 - -104. What is the highest common divisor of d and h?
22
Let a(m) = 2*m**2 - 23*m + 41. Let j be a(16). Suppose -j - 85 = -45*x. What is the highest common divisor of 162 and x?
6
Let y be (48/(3 + 196/(-68)))/(60/680). What is the greatest common divisor of 48 and y?
16
Let h(o) = o**3 - 31*o**2 + 76*o + 258. Let t be h(41). Calculate the highest common divisor of 174 and t.
174
Let o(g) = g**3 - 18*g**2 + 65*g. Let p be o(3). What is the greatest common factor of 3372 and p?
12
Suppose -9301*r + 9345*r = 1584. Let a = 423 + -63. Calculate the highest common factor of a and r.
36
Suppose 256 = i + i. Suppose g = 4*f + 22, -2*f + 6*f + 16 = -2*g. Suppose 3*a - 160 = -g*a. Calculate the highest common factor of i and a.
32
Suppose 0*c = -3*k - c + 26, -k + c = -2. Let l be (k/(-2))/(4/(-72)). Suppose -1544*w + 1569*w = 175. What is the greatest common divisor of l and w?
7
Suppose 35*w + 54*w - 89 = 0. Let l(q) = 2*q - 14 + 12 - 5*q. Let k be l(-6). What is the greatest common divisor of k and w?
1
Let y = 93 - -11. What is the greatest common factor of y and 4264?
104
Suppose 0*y - 3*y + 858 = 0. Suppose -135 = -0*p - 9*p. Suppose -o - 364 = -p*o. What is the highest common factor of y and o?
26
Suppose -739*s + 25466 = -632*s. Calculate the greatest common divisor of s and 854.
14
Suppose -2*n - 2 = 2*h, -5*h + 7*n - 5*n = -30. Let p be -97 + 3/h*4. Let t = -80 - p. Calculate the greatest common factor of t and 126.
14
Suppose -10*j - 7*j + 1258 = 0. Let w = j - 28. Let b = -14 + 60. Calculate the greatest common divisor of b and w.
46
Let m(u) = u + 79. Let z be m(-9). Let l = -44 + z. Calculate the greatest common factor of 338 and l.
26
Suppose 4*x + 5*m = 9311 + 3789, 4*x + 3*m = 13108. Suppose -8*v = 2*v - x. What is the greatest common factor of v and 41?
41
Let h = -278 + 475. Let b = -109 + h. Let y(o) = -136*o + 2470. Let r be y(18). Calculate the greatest common factor of b and r.
22
Let s be (0 - 1)/(2/(-138)). Suppose 30*w - 4*w = -1456. Let o = s + w. Calculate the greatest common factor of 52 and o.
13
Let s = 2539 + -2526. Calculate the greatest common divisor of 4381 and s.
13
Let f(a) = -a + 10. Let s be f(10). Suppose t - 3 = -s*v - 4*v, 2*t = 2*v + 6. Suppose t*m = 213 + 249. Calculate the greatest common factor of m and 14.
14
Let b be (-3)/2 + (-429)/(-78). Suppose 4*s = 4*q + 496, -s + 4*q = -b*s + 407. Calculate the highest common divisor of s and 86.
43
Let h(v) be the first derivative of 172*v**2 - 41*v + 162. Let o be h(4). Calculate the highest common factor of o and 15.
15
Let d(r) = 9*r**2 + 62*r - 662. Let o be d(-16). Calculate the highest common factor of 104 and o.
26
Suppose -3*t = h - 564 - 2911, 0 = -7*t + 4*h + 8064. What is the highest common divisor of 238 and t?
34
Suppose 1600 + 1964 = 20*g + 46*g. Calculate the greatest common factor of 12447 and g.
27
Suppose 0 = -80*l + 515972 - 70612. What is the highest common factor of l and 57?
19
Suppose 0 = -3*l + 3*p + 678, 4*l + p - 895 = -4*p. Let d = l - 117. Calculate the greatest common factor of d and 36.
36
Let m(p) = 3*p**2 - 4*p - 10. Let r be m(5). Suppose -677 - 439 = -31*y. Let c = r - y. What is the greatest common factor of 9 and c?
9
Let x be 66/55*(0 - -5). Let q be 9/6*(-8)/x. Let w(k) = -35*k + 10. Let v be w(q). Calculate the greatest common factor of 10 and v.
10
Suppose 0 = -k + 3*k - 8. Suppose 30 = -k*i + 14. Let b = i - -184. What is the highest common factor of 20 and b?
20
Let g = -13481 - -13656. What is the highest common factor of g and 27475?
175
Let u(f) = f**2 + 45*f - 65. Let o be u(-40). Let q = o + 294. What is the highest common divisor of q and 29?
29
Suppose 5*w = -m - 0*w + 15, -12 = m - 4*w. Suppose -3*k = -u + 324, m = -26*u + 30*u - 3*k - 1269. Calculate the greatest common factor of 135 and u.
45
Let i be (3 + 13/(-5))*(-1 + 341). Let g = i - 125. Suppose 0 = 2*a - a - 1. Calculate the highest common factor of a and g.
1
Let x be (23 - 21) + 7 - 8*-133. Calculate the highest common divisor of x and 87.
29
Suppose 18*t + 108 = 27*t. Suppose -t*n = -16*n + 120. What is the highest common divisor of 165 and n?
15
Suppose -